{"id":63,"date":"2023-02-10T02:49:12","date_gmt":"2023-02-10T01:49:12","guid":{"rendered":"https:\/\/kabaniero.pl\/?post_type=product&#038;p=63"},"modified":"2026-03-27T23:25:35","modified_gmt":"2026-03-27T22:25:35","slug":"duze-skrzydlo-13-szt","status":"publish","type":"product","link":"https:\/\/kabaniero.pl\/?product=duze-skrzydlo-13-szt","title":{"rendered":"DU\u017bE SKRZYD\u0141O &#8211; 13 SZT"},"content":{"rendered":"<p>Mo\u017cliwe alergeny w sosach: jaja, mleko, musztarda, soja<\/p>\n","protected":false},"excerpt":{"rendered":"<div class=\"m-item__description\"><span class=\"muted\">z sosem Buffalo, Jack Daniel&#8217;s BBQ, s\u0142odko-ostrym<\/span><\/div>\n","protected":false},"featured_media":0,"template":"","meta":[],"product_cat":[16],"product_tag":[],"class_list":{"0":"post-63","1":"product","2":"type-product","3":"status-publish","5":"product_cat-skrzydlo","7":"first","8":"instock","9":"shipping-taxable","10":"purchasable","11":"product-type-variable"},"jetpack_sharing_enabled":true,"_links":{"self":[{"href":"https:\/\/kabaniero.pl\/index.php?rest_route=\/wp\/v2\/product\/63","targetHints":{"allow":["GET"]}}],"collection":[{"href":"https:\/\/kabaniero.pl\/index.php?rest_route=\/wp\/v2\/product"}],"about":[{"href":"https:\/\/kabaniero.pl\/index.php?rest_route=\/wp\/v2\/types\/product"}],"wp:attachment":[{"href":"https:\/\/kabaniero.pl\/index.php?rest_route=%2Fwp%2Fv2%2Fmedia&parent=63"}],"wp:term":[{"taxonomy":"product_cat","embeddable":true,"href":"https:\/\/kabaniero.pl\/index.php?rest_route=%2Fwp%2Fv2%2Fproduct_cat&post=63"},{"taxonomy":"product_tag","embeddable":true,"href":"https:\/\/kabaniero.pl\/index.php?rest_route=%2Fwp%2Fv2%2Fproduct_tag&post=63"}],"curies":[{"name":"wp","href":"https:\/\/api.w.org\/{rel}","templated":true}]}}